t c(b) = -25 + 3*b**2 + 72 + 3*b**2 + 5*b**2 - b**3 - 13*b. Let r be c(10). Calculate the greatest common factor of 153 and r.
17
Suppose -v - 5*p = 41, -3*v - 51 = -0*v - 3*p. Let c be 14/v*6/1 + 388. Calculate the highest common factor of c and 24.
24
Suppose -180 = -3*a + a. Suppose 5*x = 9*x - 456. Let p = 124 - x. What is the highest common factor of a and p?
10
Let h be (-33 - -18) + 68 - 9. What is the highest common divisor of h and 3817?
11
Let b be ((-56)/(-49))/(12/42). Suppose 0 = -x + 1 + 1. Calculate the greatest common divisor of x and b.
2
Suppose -2749 = -5*b - 2*d, b - 542 = -712*d + 709*d. Calculate the highest common divisor of 116 and b.
29
Suppose 4*k + 931 = 9*q - 238, -5*k - 139 = -q. Let w = -773 - -1332. Calculate the highest common divisor of q and w.
43
Let n be (-6514)/(-8) + -6 - (-2)/(-8). Suppose -5*u = -u - n. Suppose 5*z - u = -4*w, 3*z + 4*w + 16 - 134 = 0. What is the highest common divisor of z and 63?
21
Let z = 11630 + -10759. Calculate the highest common divisor of z and 26.
13
Suppose 6*z - 1386 - 75 = 459. Calculate the greatest common divisor of 220 and z.
20
Suppose -2*q = 5*u - 85, 2*u - 47 = -2*q + 47. Let a = -26 + q. Let y = 28 - a. What is the greatest common divisor of y and 12?
4
Let n(j) = 4*j**2 - 4*j - 6. Let i(a) = 13*a - 75. Let v be i(6). Let y be n(v). What is the highest common divisor of y and 162?
18
Let d(t) = 10*t**2 + 10*t + 137. Let n be d(-7). Suppose -15*w = -3523 - n. What is the greatest common factor of 102 and w?
34
Let z be 3/27 - 26480/270*-12. What is the greatest common factor of 963 and z?
107
Let i = 5 - 2. Suppose 3*q = -r + 1, -4*r + 8 = -3*q + 4. Let z be r + (3 - -2) - i. Calculate the greatest common divisor of 33 and z.
3
Suppose -y + 4*c = -67, -4*c = 2*y - 5*c - 106. Let f = 1715 + -1154. Calculate the highest common divisor of f and y.
51
Let v = -131 - -131. Suppose p - 58 - 110 = v. Calculate the highest common factor of p and 48.
24
Suppose 481 = 9*q - 383. Let y = -2886 + 2892. Calculate the highest common factor of y and q.
6
Suppose -3*s + 36*x - 26*x + 4260 = 0, -s + 4*x + 1414 = 0. Calculate the highest common factor of s and 261.
29
Let f be -2*(-2)/(-1) - 8. Let v be 12/(-8)*64/f. What is the highest common factor of v and 60?
4
Let d(r) = -17*r**2 + 7*r - 4. Let g be d(-6). Let q = -3094 + g. Let i be q/(-32) + 3/(-12). What is the highest common factor of 13 and i?
13
Let h(s) = s**3 + 26*s**2 - 131*s + 116. Let z be h(-26). Calculate the highest common divisor of z and 6.
6
Suppose 0*g = 3*g + 267. Let d = 149 + g. Let t be (64/40)/(3/d). Calculate the highest common factor of 48 and t.
16
Suppose 0 = m + 34*m - 1925. Suppose 17*t - 220 = 16*t. Calculate the greatest common divisor of m and t.
55
Let v be 4*(4 + -2 - 1). Let j be (v/6)/(8/36). Let u be ((-4)/(-12)*j)/(3/45). Calculate the greatest common divisor of 105 and u.
15
Let r(s) = 498*s - 484. Let p be r(1). Let n = -20 - -20. Suppose -505 = -4*h - m, -h - m + n*m = -127. What is the greatest common divisor of h and p?
14
Let l = 8933 + -7925. What is the highest common divisor of l and 256?
16
Suppose 2*r + 3*r = -5*i + 20, 11 = 2*r - i. Let t be 8/r + -1 + 1177/55. Suppose 47*f - 49*f + 66 = 0. Calculate the greatest common factor of t and f.
11
Let x = 247 - 175. Let w be -8 - 540/(-15) - 10. Calculate the highest common divisor of w and x.
18
Let o = 11 - 1. Let d(c) = 26 + 7*c + 24*c - 13*c. Let u be d(3). Calculate the greatest common factor of u and o.
10
Suppose -105*i - 80*i + 7400 = 0. What is the highest common factor of i and 640?
40
Let w(g) = 21*g + 2177. Let y be w(-87). What is the greatest common factor of 100 and y?
50
Suppose -5*l + 20 = 0, -3*p - 3*l - 8 = 2*p. Let d be p/1*87/(-12). What is the greatest common factor of d and 116?
29
Suppose 218*b + 77*b - 1902748 = -54*b. What is the greatest common factor of 376 and b?
188
Let n be 8 + 2569 + -3 + 13. Calculate the highest common factor of n and 13.
13
Let w = 25188 - 25153. What is the greatest common divisor of 455 and w?
35
Suppose -96 - 17 = 3*b + 4*w, 2*w + 74 = -2*b. Let f = 50 + b. Suppose -4*o + 9*o - 600 = 0. What is the highest common divisor of o and f?
15
Let u be 2 - 1 - (-6)/1. Let h = -3 + -11. Let z be (-690)/h + (-36)/126. Calculate the highest common divisor of u and z.
7
Let x = 8211 + -8203. Let d be ((-12)/(-2))/((-6)/(-4)). What is the greatest common divisor of d and x?
4
Suppose -4*m - 252 = -2*s, -6*m - 135 = -s - 7*m. Suppose 0*w = 3*w + 2*i - 266, -2 = -2*i. What is the highest common factor of w and s?
44
Let s(x) = 3*x**2 - x - 2*x + 23 - 2*x**2. Let u be (35 + -35)/((-4)/(-4)*(-3)/(-3)). Let h be s(u). What is the greatest common factor of h and 92?
23
Let p = -37 - -14. Let o = 21 + p. Let f be 1/(o*3/(-66)). What is the highest common divisor of f and 77?
11
Suppose -b = 42 - 47, 5*b - 14275 = -5*s. Calculate the greatest common factor of 114 and s.
114
Let i = 138 + -81. Let j be 0/(-4 + 0 + 3). Suppose j = -4*l - 541 + 617. What is the greatest common factor of l and i?
19
Let n(q) = q**2 - 34*q + 37. Let h be n(33). Let o be (-6)/(-3) + (4 - h). What is the greatest common factor of o and 12?
2
Let y be 6 - 8 - (-41)/1. Let c = y - 16. Suppose -c*s + 18 = -21*s. What is the greatest common factor of 81 and s?
9
Let i be (-4)/26 - ((-1839)/39 + -2). Let y be (-1 - 21/7) + 249. Calculate the highest common factor of i and y.
49
Suppose 8*b - 3*b - 100 = 4*u - 30, -4*u + 20 = 0. Let k = 976 + -490. What is the highest common divisor of b and k?
18
Let a = -4343 - -4445. What is the greatest common divisor of 986 and a?
34
Suppose 260 = 6*j - j. Let z(d) = 7*d - 8. Suppose 5*u - 3 + 25 = -f, 0 = 4*f - 4*u - 32. Let w be z(f). What is the greatest common divisor of j and w?
13
Let h be 2242/8 - (-4)/((-80)/(-15)). Let y = -200 + h. What is the greatest common divisor of y and 9?
9
Let b = -129 + 601. Calculate the highest common divisor of b and 1298.
118
Suppose -290817 = -19*r + 188971. Calculate the highest common divisor of 236 and r.
236
Let u = -481 - -159. Let s = -238 - u. Suppose -2*j = 5*k - 95, 3*k + 4*j = 7*k - 104. What is the greatest common factor of k and s?
21
Suppose 5*x = -3*a + 83, 0*a + 5*a = x - 39. Calculate the greatest common divisor of 27721 and x.
19
Suppose 31 = 4*j - 5*u + 6*u, 5*u = 2*j - 43. Suppose j*n - 7380 = -n. Calculate the greatest common factor of 18 and n.
18
Let t = 353 - 351. Let i be t/5*630/6. What is the highest common factor of 231 and i?
21
Let l be (-52)/2 - (431600/(-8))/166. Suppose 266 = 4*y - z + 3*z, z = -y + 64. Calculate the greatest common factor of l and y.
23
Let a(f) = f - 2. Let n be a(-6). Let r be (n/2 - -1)*(0 + -1). Suppose -r*p + p + 76 = 0. What is the highest common divisor of 19 and p?
19
Suppose -203 = -z + 2*g, 943 = -21*z + 26*z - g. Calculate the greatest common factor of z and 44693.
187
Suppose 4*q + 17*k = 18*k + 2723, 3*k = 2*q - 1369. What is the highest common factor of 80 and q?
40
Suppose h - 5 = -v - 0, 3*v = 15. Suppose 5*r - 7*r + 56 = h. Calculate the highest common divisor of r and 126.
14
Let r = -16 - -71. Let s be -72 + 100 + (4 - 1 - 20). What is the greatest common factor of r and s?
11
Suppose 2*q = 3*q + 2*o + 12, 2*o = -10. Let f be (-30 - -27)/(q/26). Suppose -6*b + 9*b - 234 = 0. Calculate the highest common factor of b and f.
39
Let f be (-1)/((-1)/(-4)) + (357 - 349). What is the greatest common divisor of 7036 and f?
4
Let k = 27697 - 21602. Calculate the highest common factor of 106 and k.
53
Suppose -3*g + 1994 = -0*c + 14*c, -5*g - 2*c + 3110 = 0. Let r be 6/(-9) - 20/(-3). Calculate the highest common divisor of g and r.
6
Suppose y - 87 = -3*k, y - 44 - 27 = k. Calculate the greatest common divisor of y and 8350.
25
Let s be -8*6*(6 + -3)/(-9). Suppose -s*y + 4*y = -360. Suppose 5*v - 5*f - 1215 = 0, 2*f - 232 = -v + 2. Calculate the greatest common factor of y and v.
30
Suppose -5*c - 4*f + 14 = -4, -4*c + 4*f = 0. Suppose 5*w + 0*w + 3*l - 256 = 0, -c*l = -5*w + 246. Calculate the greatest common divisor of w and 650.
50
Let s(d) = d**3 + 30*d**2 + 28*d - 29. Let m be s(-29). Suppose -4*z + 12 = m, 4*w - 4*z + 5*z - 71 = 0. Calculate the highest common divisor of 85 and w.
17
L